9525.
465
Calculate the greatest common divisor of 14430 and 1137750.
1110
What is the greatest common factor of 36 and 216840906?
18
Calculate the highest common factor of 11197032 and 126.
42
Calculate the greatest common factor of 4667792 and 1360.
272
Calculate the greatest common factor of 3087085 and 79913.
509
What is the greatest common divisor of 232 and 1807912?
8
What is the greatest common factor of 57 and 38430502?
19
What is the highest common factor of 209 and 3687083?
19
What is the highest common divisor of 119846265 and 8085?
1155
What is the greatest common factor of 1456 and 18219292?
364
Calculate the highest common divisor of 109 and 312178180.
109
What is the highest common divisor of 182 and 12374089?
91
Calculate the greatest common factor of 30 and 10710990.
30
Calculate the highest common factor of 98155006 and 74.
74
Calculate the greatest common factor of 5738665 and 171.
19
Calculate the highest common factor of 352 and 6047162.
22
What is the greatest common divisor of 5492 and 55379955?
1373
What is the highest common divisor of 7960 and 119638004?
796
Calculate the highest common factor of 825 and 570735.
165
Calculate the greatest common divisor of 74304 and 99700875.
1161
What is the greatest common divisor of 328632308 and 3820?
764
Calculate the greatest common factor of 232035340 and 40.
20
Calculate the highest common factor of 9757104 and 31902.
2454
What is the highest common factor of 2830 and 82941640?
2830
What is the greatest common factor of 11 and 43741071?
11
What is the greatest common factor of 19 and 713312?
1
What is the highest common divisor of 238426 and 1622?
2
What is the highest common factor of 130369 and 1166?
1
Calculate the highest common divisor of 1879436219 and 373.
373
Calculate the greatest common divisor of 19 and 1228296781.
19
What is the highest common factor of 537843 and 105?
3
Calculate the highest common divisor of 7790692 and 23426.
442
Calculate the highest common factor of 840 and 5818440.
120
Calculate the greatest common factor of 21579 and 231.
3
Calculate the greatest common factor of 5988789 and 324.
27
What is the greatest common divisor of 2425152530 and 470?
470
What is the greatest common divisor of 9 and 766220526?
9
What is the greatest common divisor of 300947779 and 11?
11
What is the greatest common factor of 1478 and 1104951322?
1478
Calculate the highest common factor of 46195650 and 2450.
50
What is the highest common divisor of 21693174 and 6?
6
What is the greatest common divisor of 1665 and 128055555?
45
Calculate the greatest common divisor of 466 and 66452066.
466
What is the greatest common divisor of 9600 and 187143200?
800
What is the greatest common factor of 28203 and 22627374?
357
What is the highest common factor of 15966 and 18807?
3
What is the greatest common divisor of 179 and 17460555?
179
What is the highest common factor of 550 and 209858?
22
Calculate the highest common factor of 782 and 1455578.
46
What is the highest common divisor of 1173783370 and 20?
10
What is the greatest common divisor of 49 and 16253692?
49
Calculate the highest common divisor of 63666900 and 825.
825
Calculate the highest common factor of 42848 and 9197694.
206
What is the highest common divisor of 2288105 and 120?
5
Calculate the highest common divisor of 99 and 278531847.
99
What is the greatest common divisor of 405849979 and 191?
191
Calculate the highest common factor of 3672 and 11150712.
72
What is the greatest common factor of 86202 and 15177?
3
Calculate the highest common factor of 439 and 9872671.
439
What is the highest common factor of 464920 and 352630?
1970
Calculate the highest common divisor of 5090 and 16067094.
1018
What is the greatest common divisor of 186102 and 74725?
49
Calculate the greatest common factor of 176489789 and 41.
41
What is the greatest common factor of 4890775 and 110779?
2357
What is the highest common factor of 4976 and 20458513?
311
What is the highest common divisor of 39 and 109244499?
39
Calculate the highest common divisor of 261486 and 726.
6
Calculate the greatest common divisor of 158620605 and 325.
65
Calculate the greatest common divisor of 11 and 118535329.
11
Calculate the greatest common factor of 101773 and 461993.
217
What is the highest common factor of 5928 and 880932?
156
Calculate the highest common factor of 2918340 and 25668.
1116
What is the greatest common divisor of 58602826 and 404?
202
What is the greatest common factor of 183131 and 6045?
13
What is the greatest common divisor of 27178 and 2130806?
254
What is the highest common divisor of 93 and 2283151767?
93
What is the greatest common factor of 634402 and 296?
74
What is the greatest common factor of 79127279 and 77?
77
What is the highest common factor of 5726227 and 52?
13
Calculate the greatest common divisor of 93160 and 741880.
680
Calculate the highest common factor of 225 and 1455.
15
What is the highest common divisor of 2507790 and 90?
30
Calculate the highest common divisor of 97490 and 389590.
10
What is the highest common factor of 16 and 980252?
4
Calculate the greatest common divisor of 15 and 66813.
3
Calculate the greatest common divisor of 202947950 and 150.
50
Calculate the greatest common divisor of 341928972 and 462.
462
Calculate the highest common divisor of 69695 and 38394055.
1315
What is the greatest common divisor of 70609 and 65345?
7
Calculate the highest common divisor of 114323 and 9290248.
6017
What is the highest common factor of 1372033 and 91?
13
Calculate the greatest common divisor of 92 and 37516588.
92
What is the highest common divisor of 162368810 and 6915?
2305
What is the highest common divisor of 42 and 24876579?
21
What is the greatest common divisor of 10215 and 325518?
681
Calculate the highest common factor of 462 and 13100703.
231
What is the highest common factor of 4181 and 59940?
37
Calculate the greatest common factor of 1204740 and 29268.
108
What is the greatest common divisor of 11564 and 39592?
196
What is the highest common factor of 85652 and 7710612?
644
Calculate the greatest common divisor of 3887915897 and 5207.
5207
Calculate the greatest common divisor of 603198 and 13950.
558
What is the greatest common divisor of 255040 and 34880?
320
Calculate the highest common divisor of 8964640 and 5160.
1720
Calculate the greatest common divisor of 315765442 and 341.
31
Calculate the greatest common divisor of 1324 and 13143679.
331
Calculate the highest common divisor of 135551469 and 4395.
879
What is the greatest common divisor of 197129 and 1798?
31
Calculate the highest common divisor of 10258 and 311834.
46
Calculate the greatest common factor of 7 and 103922112.
7
Calculate the highest common factor of 917957 and 329.
47
What is the highest common factor of 123985 and 35657?
181
Calculate the highest common factor of 6529485 and 6365.
335
What is the highest common factor of 207592 and 388696?
616
What is the highest common factor of 12274408 and 68?
68
What is the greatest common divisor of 17 and 5448890116?
17
Calculate the greatest common divisor of 468 and 25139712.
156
What is the greatest common divisor of 14942 and 6827998?
62
Calculate the greatest common divisor of 56279468 and 28.
28
Calculate the highest common divisor of 89026 and 23576.
14
What is the highest common factor of 312594 and 6225339?
2949
What is the greatest common factor of 52 and 557674?
26
Calculate the greatest common factor of 3000 and 164647000.
1000
What is the highest common factor of 552020 and 16440?
20
Calculate the highest common factor of 7959 and 11711100.
1137
What is the highest common factor of 245830471 and 381?
127
Calculate the highest common factor of 1636374 and 24307.
223
What is the greatest common factor of 384 and 13413264?
48
What is the greatest common divisor of 47177498 and 6?
2
Calculate the highest common factor of 10423932 and 917.
131
What is the greatest common divisor of 12630 and 233105595?
6315
What is the highest common divisor of 1811340 and 96813?
3123
Calculate the highest common divisor of 3658704 and 315.
21
Calculate the greatest common divisor of 1719693 and 70305.
327
What is the highest common factor of 7282 and 340930?
662
What is the greatest 